50 and 42552837.
2943
Calculate the greatest common divisor of 26461 and 85013.
563
Calculate the greatest common factor of 13 and 462646769.
13
What is the highest common factor of 2008096 and 56?
8
Calculate the greatest common factor of 1669888 and 14236744.
4744
What is the greatest common divisor of 14163 and 27296822?
4721
Calculate the highest common divisor of 630 and 391287015.
315
What is the highest common divisor of 114748680 and 150?
30
What is the greatest common divisor of 24044784 and 48?
48
Calculate the highest common factor of 1413 and 489756947.
157
What is the highest common factor of 600 and 57551775?
75
What is the greatest common divisor of 17 and 1581935?
17
What is the greatest common divisor of 38225568 and 56253?
3309
What is the greatest common factor of 11942350 and 3045?
35
Calculate the highest common factor of 11224998 and 2178.
18
What is the greatest common divisor of 25340 and 11256028?
5068
What is the highest common divisor of 284349 and 60099?
897
What is the highest common divisor of 472 and 6447704?
8
What is the greatest common divisor of 335087 and 1564?
391
Calculate the highest common factor of 330 and 38238255.
165
What is the highest common divisor of 100987 and 373?
1
Calculate the highest common divisor of 5015 and 195867905.
295
What is the highest common factor of 35624 and 26762530?
8906
What is the greatest common factor of 38032 and 312456650?
4754
What is the greatest common divisor of 72028 and 58564?
44
What is the highest common divisor of 22 and 60878906?
22
Calculate the greatest common factor of 18155803 and 6104.
109
Calculate the greatest common factor of 19130160 and 35.
35
What is the greatest common factor of 7872 and 130362944?
2624
Calculate the highest common divisor of 132 and 1627061106.
66
Calculate the highest common divisor of 4431080 and 2200.
40
What is the greatest common factor of 87276 and 325612?
28
What is the greatest common factor of 358918 and 84?
14
What is the greatest common factor of 174 and 440982?
6
Calculate the greatest common divisor of 11 and 78938959.
11
Calculate the greatest common factor of 725950170 and 1980.
990
What is the greatest common divisor of 3630 and 3046186?
22
What is the highest common factor of 731173549 and 145?
29
Calculate the highest common factor of 4364472 and 120.
24
Calculate the greatest common factor of 154945 and 180481.
133
What is the greatest common divisor of 29950876 and 19780?
3956
What is the highest common factor of 142240 and 1267460?
2540
Calculate the greatest common factor of 6378847 and 2.
1
Calculate the greatest common factor of 10998 and 4242314.
94
Calculate the greatest common divisor of 5069 and 1062983.
137
Calculate the highest common divisor of 210 and 3157434.
42
What is the greatest common factor of 385 and 844445?
35
What is the highest common factor of 2626 and 8272914?
26
What is the highest common divisor of 2301 and 676879801?
767
What is the highest common factor of 7638 and 847617?
201
What is the highest common divisor of 147143 and 13128?
547
What is the highest common factor of 32095732 and 74054?
1214
What is the highest common divisor of 2268966 and 23674?
1246
What is the greatest common factor of 1471218 and 201158?
46
Calculate the highest common divisor of 7353 and 67553.
43
What is the highest common divisor of 13343878 and 3434?
34
What is the greatest common divisor of 13126883 and 28225?
1129
What is the highest common divisor of 3358512 and 1217292?
3372
What is the highest common divisor of 14228006 and 8723?
793
What is the greatest common divisor of 89049216 and 1536?
384
What is the greatest common divisor of 966 and 5553744?
42
What is the highest common divisor of 3807 and 4032741?
141
What is the greatest common divisor of 172194 and 990?
66
What is the greatest common divisor of 7741216 and 3136?
1568
What is the greatest common divisor of 109732921 and 47?
47
Calculate the highest common factor of 7511 and 2762975.
1073
Calculate the greatest common divisor of 5797632 and 11520.
768
What is the greatest common factor of 12634470 and 3554?
3554
Calculate the highest common factor of 7700 and 1192345.
385
Calculate the greatest common factor of 6150 and 2628750.
150
What is the highest common factor of 2 and 8636700?
2
Calculate the greatest common divisor of 53084 and 577852.
92
What is the greatest common divisor of 364 and 2213176?
28
Calculate the greatest common divisor of 291 and 631929489.
291
What is the greatest common factor of 64 and 395902976?
64
Calculate the greatest common divisor of 187136 and 4527728.
688
Calculate the greatest common divisor of 30 and 11771520.
30
What is the greatest common divisor of 64332012 and 204?
204
What is the highest common divisor of 663 and 27089959?
221
What is the greatest common divisor of 12210 and 27871800?
330
What is the greatest common divisor of 2217285977 and 3359?
3359
Calculate the greatest common factor of 90168000 and 6600.
600
Calculate the greatest common divisor of 1922 and 758446.
62
What is the highest common factor of 164410 and 59450?
410
What is the greatest common factor of 69064 and 19012?
388
What is the greatest common factor of 11650404 and 18?
6
What is the greatest common factor of 1578 and 353793123?
789
What is the highest common factor of 10507449 and 36?
3
Calculate the highest common divisor of 65 and 99480043.
13
What is the greatest common divisor of 230689133 and 51?
17
Calculate the greatest common divisor of 50388 and 1710931.
323
Calculate the greatest common divisor of 3473799 and 18592.
581
What is the greatest common factor of 14757998 and 5036?
2518
What is the greatest common divisor of 71346 and 34041909?
759
What is the highest common divisor of 30149 and 112420?
511
Calculate the highest common divisor of 8 and 5525768.
8
Calculate the greatest common factor of 8 and 796474.
2
What is the greatest common divisor of 979088 and 15728?
16
Calculate the greatest common factor of 11133 and 4907179.
1237
What is the greatest common factor of 17423 and 2688?
7
What is the highest common factor of 60 and 359374965?
15
What is the greatest common factor of 1274376 and 150568?
232
What is the greatest common divisor of 4782 and 1014?
6
Calculate the greatest common factor of 25729832 and 33624.
3736
Calculate the greatest common factor of 931115590 and 94.
94
Calculate the highest common divisor of 2480 and 42840016.
496
What is the highest common factor of 1454376 and 498171?
2361
Calculate the highest common factor of 1378716 and 7676.
76
What is the greatest common divisor of 61335 and 162385?
235
What is the greatest common factor of 692180 and 9458705?
3265
Calculate the greatest common factor of 24069 and 10969701.
339
What is the highest common divisor of 2324947 and 865?
173
Calculate the greatest common factor of 56293543 and 1366.
683
Calculate the greatest common factor of 294 and 5116006.
14
What is the highest common factor of 358539663 and 69?
69
Calculate the greatest common divisor of 18781557 and 159.
159
Calculate the highest common divisor of 126596 and 4.
4
Calculate the greatest common divisor of 421355 and 12690.
235
Calculate the highest common divisor of 9960 and 230520.
120
Calculate the highest common factor of 876 and 659847.
219
Calculate the highest common factor of 253005 and 26385.
15
Calculate the highest common divisor of 1722 and 2568468.
42
Calculate the highest common divisor of 618510 and 1328435.
1945
What is the greatest common divisor of 397241 and 12779?
13
What is the greatest common divisor of 4478582 and 2428790?
5338
What is the greatest common factor of 25120416 and 104811?
2139
What is the highest common divisor of 44608 and 29087204?
2788
Calculate the highest common factor of 9773 and 332619.
337
What is the highest common divisor of 4405246 and 32418?
3602
What is the highest common factor of 2152846 and 2047?
23
Calculate the greatest common divisor of 3380 and 59523360.
260
What is the highest common divisor of 3867325 and 770?
385
Calculate the highest common factor of 566803613 and 17.
17
Calculate the highest common divisor of 16275 and 4453575.
525
What is the highest common divisor of 6372 and 7026723?
1593
Calculate the great